ose 9*h - 10*h + 16 = 0. Let l = -14 + h. Suppose -42 + 256 = l*i. List the prime factors of i.
107
Suppose -4*n = n + 180. Let k be (n/(-14))/(30/(-140)). What are the prime factors of (219/(-12))/(3/k)?
73
Let f(b) = b**2 + 10*b + 2. Let a be f(-10). Suppose 3*n + a = 2*n. List the prime factors of -4 - -2 - (-51 + n/2).
2, 5
Let i(t) = 6353*t**2 - 8*t - 2. List the prime factors of i(-2).
2, 12713
Let n(s) = -3*s - 40. Let p = 126 + -139. Let r be n(p). List the prime factors of (-15)/(-5) - 2 - r*121.
2, 61
Let b(o) = o + 1. Let m be b(7). Suppose m = 2*u, z - 6*z + 320 = 5*u. Let r = -11 + z. List the prime factors of r.
7
What are the prime factors of (52/39)/((-6)/(-20502))?
2, 17, 67
Let c be (-14 + 11)/(4530/(-1508) - -3). Suppose -757*r + 1431 = -c*r. List the prime factors of r.
3, 53
What are the prime factors of (-4393)/(-161) - 28 - (-63971)/7?
2, 3, 1523
Let c = -3 - 11. Let j be 4/c + 570/(-14). Let u = 5 - j. What are the prime factors of u?
2, 23
Suppose -2*j + j = -11. Suppose -6*h - 10 = -j*h. Suppose -3*m + 2*a = -200 - 29, -h*m = -2*a - 156. List the prime factors of m.
73
Suppose 12 = h - 20. Suppose -3088 = -40*r + h*r. What are the prime factors of r?
2, 193
Let m(y) = -y**2 + 17*y - 53. Let g be (-272)/(-24) - (-5)/3. Let s be m(g). What are the prime factors of (-170)/(s + 5 + -6)?
5, 17
Let n = 120 - 77. Suppose -x = 40 - n. What are the prime factors of 22/(-4)*(-114)/x?
11, 19
Let w(k) = -k**3 + 3*k**2 - k + 1221. Let n be w(0). Let i = 1766 - n. What are the prime factors of i?
5, 109
Let h(m) = 3*m**2 - 11*m + 24. Let v be h(4). Let x(z) = -z**3 + 29*z**2 - 19*z - 16. List the prime factors of x(v).
2, 59
Let y(f) = -f. Suppose -w + k = 1, -2*k - 5 = 2*w - 3. Let h(p) = -15*p + 23. Let r(m) = w*h(m) + 2*y(m). What are the prime factors of r(7)?
2, 17
Let x = 59 + 31. List the prime factors of (x/(-4) + 1)/(8/(-208)).
13, 43
Suppose 7*n = 23 + 131. What are the prime factors of (n - 4)*(-166)/(-6)?
2, 3, 83
Suppose 4*i - 3*c - 2 + 3 = 0, 2*i = 2*c. List the prime factors of (5 + 0)*(346 - (i + 17)).
2, 3, 5, 11
Let z(f) = 3*f**2 + 3*f - 9. Let r = -33 + 35. Suppose 2*i - t - 19 = 4*i, i - 3 = r*t. What are the prime factors of z(i)?
3, 13
List the prime factors of -806*(-6)/24*2 + -2.
401
Let b = 200 + -101. Let l = -560 + 562. Suppose 0 = l*k - 57 - b. List the prime factors of k.
2, 3, 13
Let u = -18700 - -32755. List the prime factors of u.
3, 5, 937
Let y = -3751 + 3686. Let n be (18/4)/(1/(-10)). Let w = n - y. What are the prime factors of w?
2, 5
Suppose -4*k = -11*k - 315. What are the prime factors of 3 + (9/k)/((-3)/13215)?
2, 13, 17
Let o = -718 - -1214. List the prime factors of o.
2, 31
Let y be (-1820 + (-3 - -2))*-1. Suppose -y = -m - 525. List the prime factors of m.
2, 3
Suppose 5451 = 4*n - 5*p, -2*n - 1384 = -3*n - 3*p. Let q = 2288 - n. What are the prime factors of q?
919
Let l = 7804 + 5569. What are the prime factors of l?
43, 311
Let z = -272 + 263. List the prime factors of z/18*(2 - (0 + 1330)).
2, 83
Let u(q) = 3*q - 23. Let h be u(9). Let g be (-4 + h)*(-2 + 1). Suppose j - 88 - 35 = y, 4*j + y - 507 = g. What are the prime factors of j?
2, 3, 7
Let l = 241 + -221. Suppose 22*x = 27*x - l, -4*x = -5*h + 3089. What are the prime factors of h?
3, 23
Suppose 4*y = -5*x + 130148, -3*y + 4*x + 35118 = -62462. What are the prime factors of y?
2, 3, 2711
Let v = 6 + -6. Let a = 25 - 91. List the prime factors of (v - -1) + 1 + a/(-3).
2, 3
Let i = 1382 - 718. Let q = 1388 - i. What are the prime factors of q?
2, 181
Let z = 39580 + -22528. List the prime factors of z.
2, 3, 7, 29
Suppose -5*u - 5*g + 29 = -3*g, 2*u - 23 = 3*g. Suppose -u*a = -4*a - 12. Let o(y) = 17*y + 8. List the prime factors of o(a).
2, 19
Suppose -781432 + 5450662 = 202*r. What are the prime factors of r?
3, 5, 23, 67
Let y be (786/(-15) - 0)/((-24)/60). Let l = 398 + y. List the prime factors of l.
23
Let y(u) = 818*u**2 - 4*u + 6. Let w be y(1). Suppose 4*n = 2204 + w. What are the prime factors of n?
2, 3, 7
List the prime factors of 2*1041 - (0 - -10 - (22 - 13)).
2081
Suppose -5*o - 113 + 613 = 0. Suppose -o - 110 = -5*v. Let m = v + 50. List the prime factors of m.
2, 23
Let v(x) = x**2 + 33*x - 498. List the prime factors of v(-60).
2, 3, 11, 17
Let g(h) = 180*h**2 + 7*h - 9. Suppose -x - 4 = 3*p - 7*p, p = 4*x - 14. What are the prime factors of g(p)?
5, 29
List the prime factors of (9 + -12 - -7) + -6 + 26736.
2, 13367
Let l(j) = 1366*j**2 + 455*j - 3188. List the prime factors of l(7).
66931
Suppose -4*f = -l - 17 + 2, 3*f = l + 10. Suppose 0 = -l*p - 4*i + 20, 0*i = -4*i. Suppose 0 = -p*r + 15*r - 1419. List the prime factors of r.
3, 43
Suppose -2*q + 8726 = 3*v, -4*v - 4341 = -q - 0*q. List the prime factors of q.
4357
Let h = 161 + -167. List the prime factors of 300/45*(-171)/h.
2, 5, 19
Let c(t) = -t**2 - 33*t - 32. Let z be c(-15). Suppose -u + 3*d = -z, -2*d - 942 = -4*u + 10. Let r = u + -126. List the prime factors of r.
2, 7
Let j = 7 - -6. Suppose 0 = -5*s + 4*s + j. Let h = 75 + s. List the prime factors of h.
2, 11
Suppose -2*q + r - 27880 = -6*q, 3*r + 6957 = q. List the prime factors of q.
3, 23, 101
Let y = 315 - 497. Let q = 557 + y. What are the prime factors of q?
3, 5
Suppose -5*z + 2*t + 4140 = 830, 0 = 2*t. Suppose 2*n + 5*u - z = 0, 762 + 588 = 4*n - 3*u. What are the prime factors of n?
2, 3, 7
Suppose -11 = -2*z + v, 0*v = -5*z + 4*v + 29. Suppose 845 = 5*t + z*p, -2*p - 4 = -t + 171. List the prime factors of t.
3, 19
Let r = 99 - 41. Suppose 0*z - z - r = 2*x, -5*z = 20. List the prime factors of ((-40677)/27)/(-7) + 6/x.
5, 43
Let l(m) = -2*m**3 + 134*m**2 + 60*m + 269. What are the prime factors of l(66)?
12941
Suppose 0 = 3*m - 6*m + 1659. Let l be 6/((4/510)/((-84)/(-189))). Let d = m - l. What are the prime factors of d?
3, 71
Suppose -y + 599 = -2*w, 0*w + 2*w = 5*y - 3003. Suppose 3*k = -4*v + y, -3*v + 4*k + k + 429 = 0. Suppose -5*d = -v - 552. What are the prime factors of d?
2, 5, 7
Let g(u) = -832*u - 167. What are the prime factors of g(-5)?
3, 11
Suppose 5*y + 41 = 3*r, r + 34 = 3*r - 5*y. Suppose r*a - 3282 = -538. List the prime factors of (26 + -27)/((-2)/a).
2, 7
List the prime factors of 123/(-2)*((-1015)/21 - 1).
2, 37, 41
Suppose 1274*k - 1241*k - 124179 = 0. List the prime factors of k.
53, 71
Let m(x) = 84*x - 29. Let n be (12 + -2)/2 - 2/(-2). List the prime factors of m(n).
5, 19
Let m(v) = -v**3 - 2*v**2 + 1. Let n be m(0). Let t be 14 - 16 - (n*-82 + -1). Suppose -b - d - 3*d + t = 0, 0 = 5*b - d - 363. List the prime factors of b.
73
Let p = -49 + 50. Let b be 130/(-52)*-74*p. Let r = b + -111. List the prime factors of r.
2, 37
Let a = -116 + 59. List the prime factors of 0 - -2 - (a - -11).
2, 3
Let p(q) = 2*q**3 - 15*q - 6. Let a be p(-3). Let x = 484 + a. What are the prime factors of x?
7, 67
Let i = -17 + 14. Let c(h) = 7*h**3 + 3*h**2 + 5*h + 1. Let p(b) = -6*b**3 - 3*b**2 - 5*b. Let f(n) = i*c(n) - 4*p(n). What are the prime factors of f(2)?
43
Suppose -5*v + 146 = 4*r - 3*r, -v = r - 30. Let k = -25 + v. What are the prime factors of ((-2)/k)/((-6)/1752)?
2, 73
Suppose 5*u = 26*y - 28*y + 2075, 3*y + 3*u = 3117. What are the prime factors of y?
2, 5, 13
Suppose 0 = 4*v - 8, -2 = -f - v - 0*v. Suppose -4*s + 1547 + 73 = f. What are the prime factors of s?
3, 5
Let r be 1/((-8)/(-30)*(-42)/(-3080)). Let g = r - 38. What are the prime factors of g?
3, 79
Let m(i) = 11*i**2 - 3*i + 22. Let j(c) = -5*c - 14. Let g be j(-5). What are the prime factors of m(g)?
2, 3, 5, 11
Let a be 3/(-4)*((-4)/4 - -5). What are the prime factors of -102*6/a - -5?
11, 19
Suppose -2*s + 3445 = -3*t + 124, 0 = -s. Let v = t - -1840. What are the prime factors of v?
733
Suppose -l + 2*v - 2134 = l, -1071 = l - 5*v. Let t = 1842 + l. What are the prime factors of t?
2, 97
Let g(d) = 26 + 5 - 2*d - 11*d. Let i = 1970 - 1978. List the prime factors of g(i).
3, 5
Let n(h) = 11*h**2 + 45 - 33*h - 66 + 5*h + h**3. What are the prime factors of n(-10)?
359
Let n(q) be the second derivative of 7*q**3/2 - 3*q**2 + 2*q - 16. Suppose -4*c = -6 - 18. What are the prime factors of n(c)?
2, 3, 5
Let l(n) = 21*n**3 + 2*n**2 + 18*n - 30. List the prime factors of l(10).
2, 5, 7, 61
Le